{"id":14,"date":"2015-05-27T22:52:39","date_gmt":"2015-05-27T20:52:39","guid":{"rendered":"http:\/\/www.zssanatoriumedelzh.cz\/?page_id=14"},"modified":"2026-05-04T14:37:29","modified_gmt":"2026-05-04T12:37:29","slug":"zakladni-skola","status":"publish","type":"page","link":"https:\/\/www.zssanatoriumedelzh.cz\/?page_id=14","title":{"rendered":"Z\u00e1kladn\u00ed \u0161kola"},"content":{"rendered":"\n<p>\u00a0<\/p>\n<p>\u00a0<\/p>\n\n\n\n\n\n<blockquote class=\"wp-block-quote has-text-align-center is-style-large is-layout-flow wp-block-quote-is-layout-flow\">\n<hr class=\"wp-block-separator has-css-opacity is-style-default\"\/>\n\n\n\n<h2 class=\"wp-block-heading\">Z\u00e1kladn\u00ed \u0161kola<\/h2>\n\n\n\n<p>&#8222;U\u010ditel ti m\u016f\u017ee otev\u0159\u00edt dve\u0159e, ale vstoupit do nich mus\u00ed\u0161 ty s\u00e1m.&#8220;<\/p>\n<\/blockquote>\n\n\n\n<hr class=\"wp-block-separator has-css-opacity is-style-default\"\/>\n\n\n<p style=\"text-align: center;\">Za t\u011bmi skute\u010dn\u00fdmi dve\u0159mi na\u0161\u00ed \u0161koly, kter\u00e1 je sou\u010d\u00e1st\u00ed Sanatoria Edel, velmi \u010dasto rodi\u010de i \u017e\u00e1ky p\u0159ekvap\u00ed plnohodnotn\u011b vybaven\u00e9 a funguj\u00edc\u00ed \u0161kolsk\u00e9 za\u0159\u00edzen\u00ed, kter\u00e9 zaji\u0161\u0165uje v\u00fduku d\u011bt\u00ed po dobu l\u00e9\u010debn\u00e9ho pobytu. K\u00a0dispozici jsou hezky upraven\u00e9 t\u0159\u00eddy s v\u00fdhledem do zahrady s\u00a0baz\u00e9nem os\u00e1zen\u00e9 zelen\u00ed. Ta b\u00fdv\u00e1 v\u00a0dob\u011b p\u0159\u00edzniv\u00e9ho po\u010das\u00ed vyu\u017e\u00edv\u00e1na i k\u00a0v\u00fduce.\u00a0 V\u00a0u\u010debn\u00e1ch jsou po\u010d\u00edta\u010de, na st\u011bn\u00e1ch p\u0159ehledy u\u010diva a na poli\u010dk\u00e1ch pom\u016fcky podporuj\u00edc\u00ed snadn\u00e9 zapamatov\u00e1n\u00ed z\u00e1kladn\u00ed nebo aktu\u00e1ln\u011b prob\u00edran\u00e9 l\u00e1tky. Pro relaxa\u010dn\u00ed chvilky a n\u011bkter\u00e9 akce \u0161koly b\u00fdv\u00e1 vyu\u017e\u00edv\u00e1na t\u011blocvi\u010dna sanatoria, nep\u0159etr\u017eit\u011b se pou\u017e\u00edv\u00e1 po\u010d\u00edta\u010dov\u00e1 u\u010debna a dv\u011b u\u010debny s\u00a0interaktivn\u00ed tabul\u00ed.<\/p>\n<p style=\"text-align: center;\"><a href=\"https:\/\/www.zssanatoriumedelzh.cz\/wp-content\/uploads\/2020\/01\/20191114_091220.jpg\"><img loading=\"lazy\" decoding=\"async\" class=\"alignnone wp-image-3151 size-medium\" src=\"https:\/\/www.zssanatoriumedelzh.cz\/wp-content\/uploads\/2020\/01\/20191114_091220-300x225.jpg\" alt=\"\" width=\"300\" height=\"225\" srcset=\"https:\/\/www.zssanatoriumedelzh.cz\/wp-content\/uploads\/2020\/01\/20191114_091220-300x225.jpg 300w, https:\/\/www.zssanatoriumedelzh.cz\/wp-content\/uploads\/2020\/01\/20191114_091220-768x576.jpg 768w, https:\/\/www.zssanatoriumedelzh.cz\/wp-content\/uploads\/2020\/01\/20191114_091220-1024x768.jpg 1024w\" sizes=\"auto, (max-width: 300px) 100vw, 300px\" \/><\/a><\/p>\n<p><a href=\"https:\/\/www.zssanatoriumedelzh.cz\/wp-content\/uploads\/2020\/10\/Z\u0160-2.jpg\"><img loading=\"lazy\" decoding=\"async\" class=\"size-medium wp-image-3310 aligncenter\" src=\"https:\/\/www.zssanatoriumedelzh.cz\/wp-content\/uploads\/2020\/10\/Z\u0160-2-300x225.jpg\" alt=\"\" width=\"300\" height=\"225\" srcset=\"https:\/\/www.zssanatoriumedelzh.cz\/wp-content\/uploads\/2020\/10\/Z\u0160-2-300x225.jpg 300w, https:\/\/www.zssanatoriumedelzh.cz\/wp-content\/uploads\/2020\/10\/Z\u0160-2-768x576.jpg 768w, https:\/\/www.zssanatoriumedelzh.cz\/wp-content\/uploads\/2020\/10\/Z\u0160-2-1024x768.jpg 1024w\" sizes=\"auto, (max-width: 300px) 100vw, 300px\" \/><\/a><\/p>\n<p style=\"text-align: center;\">Vzd\u011bl\u00e1vac\u00ed program na\u0161\u00ed \u0161koly je postaven na individu\u00e1ln\u00edm p\u0159\u00edstupu k\u00a0jednotliv\u00fdm \u017e\u00e1k\u016fm a je tedy vytvo\u0159en tak, aby umo\u017enil respektovat individu\u00e1ln\u00ed zvl\u00e1\u0161tnosti a vzd\u011bl\u00e1vac\u00ed pot\u0159eby ka\u017ed\u00e9ho d\u00edt\u011bte i po\u017eadavky \u0160VP\u00a0 jeho \u0161koly. Tomu jsou pod\u0159\u00edzeny i metody a formy v\u00fduky a tak\u00e9 organizace pr\u00e1ce v\u00a0hodin\u00e1ch. Na\u0161\u00ed hlavn\u00ed snahou je nav\u00e1zat na u\u010divo kmenov\u00e9 \u0161koly ka\u017ed\u00e9ho \u017e\u00e1ka a pokra\u010dovat v\u00a0n\u011bm tak, aby d\u00edt\u011b po n\u00e1vratu dom\u016f nebylo nuceno doh\u00e1n\u011bt zame\u0161kanou l\u00e1tku. K\u00a0tomu jsou vyu\u017e\u00edv\u00e1ny informace z\u00edskan\u00e9 z\u00a0dotazn\u00edk\u016f vypln\u011bn\u00fdch t\u0159\u00eddn\u00edmi u\u010diteli p\u0159ed odjezdem \u017e\u00e1k\u016f do l\u00e9\u010debny. Kontakt s\u00a0kmenov\u00fdmi \u0161kolami d\u011bt\u00ed a s\u00a0rodi\u010di je d\u016fle\u017eitou slo\u017ekou na\u0161\u00ed pr\u00e1ce. Zji\u0161\u0165ujeme u\u010divo, kter\u00e9 je nutn\u00e9 b\u011bhem pobytu probrat a p\u0159ed\u00e1v\u00e1me informace o chov\u00e1n\u00ed, o probran\u00e9 l\u00e1tce i klasifikaci. To se d\u011bje prost\u0159ednictv\u00edm dotazn\u00edk\u016f, pop\u0159. e-mailovou po\u0161tou nebo telefonicky.<\/p>\n<p style=\"text-align: center;\"><a href=\"https:\/\/www.zssanatoriumedelzh.cz\/wp-content\/uploads\/2020\/01\/20191114_092407.jpg\"><img loading=\"lazy\" decoding=\"async\" class=\"alignnone wp-image-3152 size-medium\" src=\"https:\/\/www.zssanatoriumedelzh.cz\/wp-content\/uploads\/2020\/01\/20191114_092407-300x225.jpg\" alt=\"\" width=\"300\" height=\"225\" srcset=\"https:\/\/www.zssanatoriumedelzh.cz\/wp-content\/uploads\/2020\/01\/20191114_092407-300x225.jpg 300w, https:\/\/www.zssanatoriumedelzh.cz\/wp-content\/uploads\/2020\/01\/20191114_092407-768x576.jpg 768w, https:\/\/www.zssanatoriumedelzh.cz\/wp-content\/uploads\/2020\/01\/20191114_092407-1024x768.jpg 1024w\" sizes=\"auto, (max-width: 300px) 100vw, 300px\" \/><\/a><\/p>\n<p><a href=\"https:\/\/www.zssanatoriumedelzh.cz\/wp-content\/uploads\/2020\/01\/PC-u\u010debna.jpg\"><img loading=\"lazy\" decoding=\"async\" class=\"size-medium wp-image-3155 aligncenter\" src=\"https:\/\/www.zssanatoriumedelzh.cz\/wp-content\/uploads\/2020\/01\/PC-u\u010debna-300x169.jpg\" alt=\"\" width=\"300\" height=\"169\" srcset=\"https:\/\/www.zssanatoriumedelzh.cz\/wp-content\/uploads\/2020\/01\/PC-u\u010debna-300x169.jpg 300w, https:\/\/www.zssanatoriumedelzh.cz\/wp-content\/uploads\/2020\/01\/PC-u\u010debna-768x432.jpg 768w, https:\/\/www.zssanatoriumedelzh.cz\/wp-content\/uploads\/2020\/01\/PC-u\u010debna-1024x576.jpg 1024w\" sizes=\"auto, (max-width: 300px) 100vw, 300px\" \/><\/a><\/p>\n<p style=\"text-align: center;\">Zp\u016fsob v\u00fduky v\u00a0na\u0161\u00ed \u0161kole napom\u00e1h\u00e1 rozvoji samostatnosti a odpov\u011bdnosti jednotliv\u00fdch \u017e\u00e1k\u016f a vytv\u00e1\u0159en\u00ed spr\u00e1vn\u00fdch pracovn\u00edch n\u00e1vyk\u016f a schopnosti organizovat si svou pr\u00e1ci. Vede tak\u00e9 \u017e\u00e1ky ke spolupr\u00e1ci a k\u00a0toleranci. Individu\u00e1ln\u00ed p\u0159\u00edstup a zp\u016fsob organizace pr\u00e1ce ve t\u0159\u00edd\u00e1ch umo\u017e\u0148uje v\u011bnovat dostatek \u010dasu d\u011btem se speci\u00e1ln\u00edmi vzd\u011bl\u00e1vac\u00edmi pot\u0159ebami, se specifick\u00fdmi poruchami u\u010den\u00ed a chov\u00e1n\u00ed, ale tak\u00e9 d\u011btem v\u00fdrazn\u011b nadan\u00fdm. Samoz\u0159ejmost\u00ed je pro n\u00e1s respektov\u00e1n\u00ed diagnostikovan\u00fdch v\u00fdvojov\u00fdch poruch u\u010den\u00ed, v\u00fdsledk\u016f vy\u0161et\u0159en\u00ed z pedagogicko-psychologick\u00fdch poraden apod.<\/p>\n<p style=\"text-align: center;\">P\u0159i p\u0159\u00edprav\u011b d\u011bt\u00ed na vyu\u010dov\u00e1n\u00ed vyu\u017e\u00edv\u00e1me i spolupr\u00e1ci se zdravotn\u00edky a vychovatelkami. Pom\u00e1haj\u00ed d\u011btem s\u00a0opakov\u00e1n\u00edm l\u00e1tky, s\u00a0p\u0159\u00edpravou na vyu\u010dov\u00e1n\u00ed, dohl\u00ed\u017eej\u00ed na vypracov\u00e1n\u00ed dom\u00e1c\u00edch \u00fakol\u016f. U\u010ditelky nejni\u017e\u0161\u00edch ro\u010dn\u00edk\u016f spolupracuj\u00ed tak\u00e9 s\u00a0rodi\u010di, kte\u0159\u00ed doprov\u00e1zej\u00ed d\u011bti v\u00a0l\u00e9\u010debn\u011b a na z\u00e1klad\u011b po\u017eadavk\u016f u\u010ditel\u016f kmenov\u00fdch \u0161kol s\u00a0nimi konzultuj\u00ed obsah u\u010diva, kter\u00e9 je prob\u00edr\u00e1no.<\/p>\n<p style=\"text-align: center;\"><a href=\"https:\/\/www.zssanatoriumedelzh.cz\/wp-content\/uploads\/2020\/01\/20191114_091517.jpg\"><img loading=\"lazy\" decoding=\"async\" class=\"alignnone wp-image-3153 size-medium\" src=\"https:\/\/www.zssanatoriumedelzh.cz\/wp-content\/uploads\/2020\/01\/20191114_091517-300x225.jpg\" alt=\"\" width=\"300\" height=\"225\" srcset=\"https:\/\/www.zssanatoriumedelzh.cz\/wp-content\/uploads\/2020\/01\/20191114_091517-300x225.jpg 300w, https:\/\/www.zssanatoriumedelzh.cz\/wp-content\/uploads\/2020\/01\/20191114_091517-768x576.jpg 768w, https:\/\/www.zssanatoriumedelzh.cz\/wp-content\/uploads\/2020\/01\/20191114_091517-1024x768.jpg 1024w\" sizes=\"auto, (max-width: 300px) 100vw, 300px\" \/><\/a><\/p>\n<p style=\"text-align: center;\"><a href=\"https:\/\/www.zssanatoriumedelzh.cz\/wp-content\/uploads\/2020\/10\/Z\u0160-4.jpg\"><img loading=\"lazy\" decoding=\"async\" class=\"size-medium wp-image-3311 aligncenter\" src=\"https:\/\/www.zssanatoriumedelzh.cz\/wp-content\/uploads\/2020\/10\/Z\u0160-4-300x225.jpg\" alt=\"\" width=\"300\" height=\"225\" srcset=\"https:\/\/www.zssanatoriumedelzh.cz\/wp-content\/uploads\/2020\/10\/Z\u0160-4-300x225.jpg 300w, https:\/\/www.zssanatoriumedelzh.cz\/wp-content\/uploads\/2020\/10\/Z\u0160-4-768x576.jpg 768w, https:\/\/www.zssanatoriumedelzh.cz\/wp-content\/uploads\/2020\/10\/Z\u0160-4-1024x768.jpg 1024w\" sizes=\"auto, (max-width: 300px) 100vw, 300px\" \/><\/a><\/p>\n<p style=\"text-align: center;\">P\u0159i hodnocen\u00ed pr\u00e1ce \u017e\u00e1ka je posuzov\u00e1na jeho \u010dinnost v\u00a0pr\u016fb\u011bhu cel\u00e9ho pobytu, jeho individu\u00e1ln\u00ed rozvoj, postoj k\u00a0u\u010den\u00ed, p\u00edle a chov\u00e1n\u00ed \u2013 v\u00fdsledky vzd\u011bl\u00e1v\u00e1n\u00ed jsou p\u0159edm\u011btem jedn\u00e1n\u00ed pedagogick\u00fdch rad. Individu\u00e1ln\u00ed p\u0159\u00edstup u\u010ditel\u016f a men\u0161\u00ed po\u010det \u017e\u00e1k\u016f ve t\u0159\u00edd\u011b p\u0159isp\u00edv\u00e1 ke zklidn\u011bn\u00ed \u017e\u00e1ka a tak\u00e9 \u010dasto k\u00a0dosahov\u00e1n\u00ed lep\u0161\u00edch v\u00fdsledk\u016f ne\u017e v\u00a0kmenov\u00e9 \u0161kole.<\/p>\n<p><a href=\"https:\/\/www.zssanatoriumedelzh.cz\/wp-content\/uploads\/2020\/10\/Z\u0160-6.jpg\"><img loading=\"lazy\" decoding=\"async\" class=\"alignnone size-medium wp-image-3312\" src=\"https:\/\/www.zssanatoriumedelzh.cz\/wp-content\/uploads\/2020\/10\/Z\u0160-6-300x225.jpg\" alt=\"\" width=\"300\" height=\"225\" srcset=\"https:\/\/www.zssanatoriumedelzh.cz\/wp-content\/uploads\/2020\/10\/Z\u0160-6-300x225.jpg 300w, https:\/\/www.zssanatoriumedelzh.cz\/wp-content\/uploads\/2020\/10\/Z\u0160-6-768x576.jpg 768w, https:\/\/www.zssanatoriumedelzh.cz\/wp-content\/uploads\/2020\/10\/Z\u0160-6-1024x768.jpg 1024w\" sizes=\"auto, (max-width: 300px) 100vw, 300px\" \/><\/a> <a href=\"https:\/\/www.zssanatoriumedelzh.cz\/wp-content\/uploads\/2020\/10\/Z\u0160-7.jpg\"><img loading=\"lazy\" decoding=\"async\" class=\"size-medium wp-image-3313 alignright\" src=\"https:\/\/www.zssanatoriumedelzh.cz\/wp-content\/uploads\/2020\/10\/Z\u0160-7-300x225.jpg\" alt=\"\" width=\"300\" height=\"225\" srcset=\"https:\/\/www.zssanatoriumedelzh.cz\/wp-content\/uploads\/2020\/10\/Z\u0160-7-300x225.jpg 300w, https:\/\/www.zssanatoriumedelzh.cz\/wp-content\/uploads\/2020\/10\/Z\u0160-7-768x576.jpg 768w, https:\/\/www.zssanatoriumedelzh.cz\/wp-content\/uploads\/2020\/10\/Z\u0160-7-1024x768.jpg 1024w\" sizes=\"auto, (max-width: 300px) 100vw, 300px\" \/><\/a> <a href=\"https:\/\/www.zssanatoriumedelzh.cz\/wp-content\/uploads\/2020\/10\/Z\u0160-9.jpg\"><img loading=\"lazy\" decoding=\"async\" class=\"size-medium wp-image-3314 alignright\" src=\"https:\/\/www.zssanatoriumedelzh.cz\/wp-content\/uploads\/2020\/10\/Z\u0160-9-300x225.jpg\" alt=\"\" width=\"300\" height=\"225\" srcset=\"https:\/\/www.zssanatoriumedelzh.cz\/wp-content\/uploads\/2020\/10\/Z\u0160-9-300x225.jpg 300w, https:\/\/www.zssanatoriumedelzh.cz\/wp-content\/uploads\/2020\/10\/Z\u0160-9-768x576.jpg 768w, https:\/\/www.zssanatoriumedelzh.cz\/wp-content\/uploads\/2020\/10\/Z\u0160-9-1024x768.jpg 1024w\" sizes=\"auto, (max-width: 300px) 100vw, 300px\" \/><\/a><\/p>\n<h4 style=\"text-align: left;\">Ot\u00e1zky a odpov\u011bdi na t\u00e9ma: Zame\u0161k\u00e1 moje d\u00edt\u011b klasickou v\u00fduku?<\/h4>\n<h5 style=\"text-align: left;\"><a href=\"https:\/\/www.zssanatoriumedelzh.cz\/wp-content\/uploads\/2015\/05\/Scan10001.pdf\">    <div class=\"fac fac-icontext-template\">\n        <span class=\"fac-shape fac-round\"style=\"color: #dd3333\">\n            <i class=\"fa fa-file-pdf-o\"><\/i>\n        <\/span>\n        <span class=\"fac-text\"style=\"color: #000000\">Ot\u00e1zky a odpov\u011bdi<\/span>    <\/div>\n<\/a><\/h5>\n<p style=\"text-align: center;\">\u00a0<\/p>\n\n\n\n","protected":false},"excerpt":{"rendered":"<p>\u00a0 \u00a0 Za t\u011bmi skute\u010dn\u00fdmi dve\u0159mi na\u0161\u00ed \u0161koly, kter\u00e1 je sou\u010d\u00e1st\u00ed Sanatoria Edel, velmi \u010dasto rodi\u010de i \u017e\u00e1ky p\u0159ekvap\u00ed plnohodnotn\u011b vybaven\u00e9 a funguj\u00edc\u00ed \u0161kolsk\u00e9 za\u0159\u00edzen\u00ed, kter\u00e9 zaji\u0161\u0165uje v\u00fduku d\u011bt\u00ed po dobu l\u00e9\u010debn\u00e9ho pobytu. K\u00a0dispozici jsou hezky upraven\u00e9 t\u0159\u00eddy s v\u00fdhledem do zahrady s\u00a0baz\u00e9nem os\u00e1zen\u00e9 zelen\u00ed. Ta b\u00fdv\u00e1 v\u00a0dob\u011b p\u0159\u00edzniv\u00e9ho po\u010das\u00ed vyu\u017e\u00edv\u00e1na i k\u00a0v\u00fduce.\u00a0 V\u00a0u\u010debn\u00e1ch jsou [&hellip;]<\/p>\n","protected":false},"author":1,"featured_media":0,"parent":0,"menu_order":1,"comment_status":"closed","ping_status":"open","template":"","meta":{"footnotes":""},"class_list":["post-14","page","type-page","status-publish","hentry"],"_links":{"self":[{"href":"https:\/\/www.zssanatoriumedelzh.cz\/index.php?rest_route=\/wp\/v2\/pages\/14","targetHints":{"allow":["GET"]}}],"collection":[{"href":"https:\/\/www.zssanatoriumedelzh.cz\/index.php?rest_route=\/wp\/v2\/pages"}],"about":[{"href":"https:\/\/www.zssanatoriumedelzh.cz\/index.php?rest_route=\/wp\/v2\/types\/page"}],"author":[{"embeddable":true,"href":"https:\/\/www.zssanatoriumedelzh.cz\/index.php?rest_route=\/wp\/v2\/users\/1"}],"replies":[{"embeddable":true,"href":"https:\/\/www.zssanatoriumedelzh.cz\/index.php?rest_route=%2Fwp%2Fv2%2Fcomments&post=14"}],"version-history":[{"count":30,"href":"https:\/\/www.zssanatoriumedelzh.cz\/index.php?rest_route=\/wp\/v2\/pages\/14\/revisions"}],"predecessor-version":[{"id":3974,"href":"https:\/\/www.zssanatoriumedelzh.cz\/index.php?rest_route=\/wp\/v2\/pages\/14\/revisions\/3974"}],"wp:attachment":[{"href":"https:\/\/www.zssanatoriumedelzh.cz\/index.php?rest_route=%2Fwp%2Fv2%2Fmedia&parent=14"}],"curies":[{"name":"wp","href":"https:\/\/api.w.org\/{rel}","templated":true}]}}