{"id":49,"date":"2015-05-27T23:49:39","date_gmt":"2015-05-27T21:49:39","guid":{"rendered":"http:\/\/www.zssanatoriumedelzh.cz\/?page_id=49"},"modified":"2025-08-03T14:50:57","modified_gmt":"2025-08-03T12:50:57","slug":"historie","status":"publish","type":"page","link":"https:\/\/www.zssanatoriumedelzh.cz\/?page_id=49","title":{"rendered":"Historie"},"content":{"rendered":"<h3 style=\"text-align: center;\">Historie<\/h3>\n<p style=\"text-align: center;\">Sanatorium EDEL \u2013 d\u011btsk\u00e1 l\u00e9\u010debna respira\u010dn\u00edch nemoc\u00ed se nach\u00e1z\u00ed v m\u011bste\u010dku Zlat\u00e9 Hory na okraji lesn\u00edho mas\u00edvu P\u0159\u00ed\u010dn\u00e9 hory v nadmo\u0159sk\u00e9 v\u00fd\u0161ce 410 m. M\u011bsto m\u00e1 necel\u00fdch 5 000 obyvatel a le\u017e\u00ed na hranic\u00edch s Polskem.<\/p>\n<p style=\"text-align: center;\">\u00a0 \u00a0 \u00a0 \u00a0 \u00a0 \u00a0 \u00a0 \u00a0 \u00a0 \u00a0 \u00a0 \u00a0 \u00a0 \u00a0 \u00a0 \u00a0 \u00a0 \u00a0\u00a0<a href=\"http:\/\/www.zssanatoriumedelzh.8u.cz\/wp-content\/uploads\/2015\/04\/Leteck%C3%BD-sn%C3%ADmek-2-2.jpg\"><br \/>\n<\/a><\/p>\n<p style=\"text-align: center;\">\u00a0<a href=\"https:\/\/www.zssanatoriumedelzh.cz\/wp-content\/uploads\/2015\/05\/images.jpg\"><img loading=\"lazy\" decoding=\"async\" class=\"  wp-image-311 aligncenter\" src=\"https:\/\/www.zssanatoriumedelzh.cz\/wp-content\/uploads\/2015\/05\/images.jpg\" alt=\"images\" width=\"311\" height=\"257\" \/><\/a><a href=\"http:\/\/www.zssanatoriumedelzh.8u.cz\/wp-content\/uploads\/2015\/04\/mapka.jpg\"><br \/>\n<\/a><\/p>\n<p style=\"text-align: center;\"><i>\u00a0<\/i> Kapacita l\u00e9\u010debny v\u00a0sou\u010dasnosti je 105 l\u016f\u017eek pro d\u011bti od 3 do 15 let v\u011bku. Je specializovan\u00e1 na l\u00e9\u010dbu opakovan\u00fdch nemoc\u00ed d\u00fdchac\u00edho \u00fastroj\u00ed a m\u00e1 charakter odborn\u00e9ho l\u00e9\u010debn\u00e9ho\u00fastavu pro d\u011bti a dorost.<\/p>\n<p style=\"text-align: center;\">\u00a0\u00a0\u00a0 P\u0159ijat\u00e9 d\u011bti jsou zde um\u00eds\u0165ov\u00e1ny na doporu\u010den\u00ed p\u0159\u00edslu\u0161n\u00fdch odborn\u00edk\u016f a pediatr\u016f. B\u011bhem pobytu nav\u0161t\u011bvuj\u00ed\u00a0 r\u016fzn\u00e9 druhy rehabilita\u010dn\u00edch cvi\u010den\u00ed, ultrazvukovou inhalaci Vincentky, v\u00a0mnoha p\u0159\u00edpadech maj\u00ed individu\u00e1ln\u00ed LTV, spole\u010dn\u00fd n\u00e1cvik spr\u00e1vn\u00e9ho d\u00fdch\u00e1n\u00ed nebo p\u00edsk\u00e1n\u00ed na fl\u00e9tny. P\u0159i p\u0159\u00edchodu a propou\u0161t\u011bn\u00ed jsou d\u011bti vy\u0161et\u0159eny spirometricky, pravideln\u011b nav\u0161t\u011bvuj\u00ed saunu.<\/p>\n<p style=\"text-align: center;\">\u00a0\u00a0\u00a0\u00a0 01.03.1995 byl zah\u00e1jen provoz speleoterapie ve zrekonstruovan\u00e9m d\u016fln\u00edm d\u00edle, kter\u00e9 nab\u00edz\u00ed ide\u00e1ln\u00ed mikroklima pro pobyt d\u011bt\u00ed\u00a0 s\u00a0diagn\u00f3zami hlavn\u011b alergologick\u00e9ho charakteru. Zde d\u011bti tr\u00e1v\u00ed ve v\u0161edn\u00ed dny 180 minut nejm\u00e9n\u011b 15 x za\u00a0 dobu\u00a0pobytu.<\/p>\n<p style=\"text-align: center;\">\u00a0\u00a0\u00a0\u00a0<a href=\"https:\/\/www.zssanatoriumedelzh.cz\/wp-content\/uploads\/2015\/05\/pf_650_03.jpg\"><img loading=\"lazy\" decoding=\"async\" class=\"  wp-image-312 aligncenter\" src=\"https:\/\/www.zssanatoriumedelzh.cz\/wp-content\/uploads\/2015\/05\/pf_650_03-300x186.jpg\" alt=\"pf_650_03\" width=\"340\" height=\"211\" srcset=\"https:\/\/www.zssanatoriumedelzh.cz\/wp-content\/uploads\/2015\/05\/pf_650_03-300x186.jpg 300w, https:\/\/www.zssanatoriumedelzh.cz\/wp-content\/uploads\/2015\/05\/pf_650_03.jpg 580w\" sizes=\"auto, (max-width: 340px) 100vw, 340px\" \/><\/a><br \/>\nD\u011bt\u0161t\u00ed pacienti jsou ubytov\u00e1n\u00ed v nejv\u00fd\u0161e 4-l\u016f\u017ekov\u00fdch pokoj\u00edch, maj\u00ed spole\u010dn\u00e9 soci\u00e1ln\u00ed za\u0159\u00edzen\u00ed, kulturn\u00ed m\u00edstnost, spole\u010densk\u00fd s\u00e1l (po\u0159\u00e1daj\u00ed se spole\u010densk\u00e9 akce, diskot\u00e9ky, divadeln\u00ed p\u0159edstaven\u00ed), velkou t\u011blocvi\u010dnu, herny, d\u011btsk\u00e1 a sportovn\u00ed h\u0159i\u0161t\u011b p\u0159\u00edmo v\u00a0are\u00e1lu l\u00e9\u010debny, v zim\u011b sportovn\u00ed minisvah.<\/p>\n<p style=\"text-align: center;\">\u00a0Zdravotn\u00ed p\u00e9\u010de je zaji\u0161t\u011bna po cel\u00fdch 24 hodin l\u00e9ka\u0159i i zdravotn\u00edmi sestrami. D\u011bti \u0161koln\u00edho v\u011bku zde nav\u0161t\u011bvuj\u00ed \u0161kolu, kter\u00e1 je um\u00edst\u011bna p\u0159\u00edmo v\u00a0budov\u011b l\u00e9\u010debny. D\u011bti p\u0159ed\u0161koln\u00edho v\u011bku nav\u0161t\u011bvuj\u00ed ve v\u0161edn\u00ed dny odd\u011blen\u00ed mate\u0159sk\u00e9 \u0161koly, kter\u00e1 se nach\u00e1z\u00ed rovn\u011b\u017e v\u00a0hlavn\u00ed budov\u011b. Posledn\u00ed dobou je velmi roz\u0161\u00ed\u0159en pobyt d\u011bt\u00ed v\u00a0doprovodu n\u011bkter\u00e9ho z\u00a0rodi\u010d\u016f. Pro jejich spole\u010dn\u00fd pobyt jsou p\u0159ipraveny zrekonstruovan\u00e9 pokoje v obou pavilonech (kapacita 33 l\u016f\u017eek pro doprovod).<\/p>\n<p style=\"text-align: center;\">\u00a0\u00a0 Z\u00e1kon o Jednotn\u00e9 \u0161kole z\u00a0r. 1948 umo\u017enil vznik \u0161koly p\u0159i tehdej\u0161\u00ed d\u011btsk\u00e9 ozdravovn\u011b ve Zlat\u00fdch Hor\u00e1ch. Prvn\u00ed d\u011bti zasedly do lavic 13. listopadu 1950, mate\u0159sk\u00e1 \u0161kola otev\u0159ela sv\u00e1 odd\u011blen\u00ed a\u017e 17. \u00fanora n\u00e1sleduj\u00edc\u00edho roku. Tento z\u00e1kon pomohl vy\u0159e\u0161it ot\u00e1zku v\u00fdchovy a vzd\u011bl\u00e1v\u00e1n\u00ed d\u011bt\u00ed nemocn\u00fdch, oslaben\u00fdch, t\u011blesn\u011b \u010di smyslov\u011b posti\u017een\u00fdch, kter\u00e9 byly um\u00eds\u0165ov\u00e1ny v\u00a0d\u011btsk\u00fdch ozdravovn\u00e1ch. Stejn\u011b jako cel\u00e1 na\u0161e spole\u010dnost, tak i zdravotnick\u00e1 za\u0159\u00edzen\u00ed pro\u0161la za dobu sv\u00e9 existence celou \u0159adou zm\u011bn. Nejv\u00fdznamn\u011bj\u0161\u00ed z\u00a0nich prob\u011bhla v\u00a0roce 1993. Tehdy se z\u00a0d\u011btsk\u00e9 ozdravovny spravovan\u00e9 st\u00e1tem stala d\u011btsk\u00e1 l\u00e9\u010debna s\u00a0n\u00e1zvem \u201eD\u011btsk\u00e1 l\u00e9\u010debna, s.r.o.\u201c, pozd\u011bji \u201eSanatorium EDEL\u201c. Sou\u010dasn\u011b velk\u00fdmi zm\u011bnami pro\u0161ly i \u0161koly p\u0159i t\u011bchto instituc\u00edch. Od 01.07.2000 je \u0161kola spole\u010dn\u011b s\u00a0mate\u0159skou \u0161kolou pr\u00e1vn\u00edm subjektem.<\/p>\n","protected":false},"excerpt":{"rendered":"<p>Historie Sanatorium EDEL \u2013 d\u011btsk\u00e1 l\u00e9\u010debna respira\u010dn\u00edch nemoc\u00ed se nach\u00e1z\u00ed v m\u011bste\u010dku Zlat\u00e9 Hory na okraji lesn\u00edho mas\u00edvu P\u0159\u00ed\u010dn\u00e9 hory v nadmo\u0159sk\u00e9 v\u00fd\u0161ce 410 m. M\u011bsto m\u00e1 necel\u00fdch 5 000 obyvatel a le\u017e\u00ed na hranic\u00edch s Polskem. \u00a0 \u00a0 \u00a0 \u00a0 \u00a0 \u00a0 \u00a0 \u00a0 \u00a0 \u00a0 \u00a0 \u00a0 \u00a0 \u00a0 \u00a0 \u00a0 \u00a0 \u00a0\u00a0 [&hellip;]<\/p>\n","protected":false},"author":1,"featured_media":0,"parent":0,"menu_order":0,"comment_status":"closed","ping_status":"open","template":"","meta":{"footnotes":""},"class_list":["post-49","page","type-page","status-publish","hentry"],"_links":{"self":[{"href":"https:\/\/www.zssanatoriumedelzh.cz\/index.php?rest_route=\/wp\/v2\/pages\/49","targetHints":{"allow":["GET"]}}],"collection":[{"href":"https:\/\/www.zssanatoriumedelzh.cz\/index.php?rest_route=\/wp\/v2\/pages"}],"about":[{"href":"https:\/\/www.zssanatoriumedelzh.cz\/index.php?rest_route=\/wp\/v2\/types\/page"}],"author":[{"embeddable":true,"href":"https:\/\/www.zssanatoriumedelzh.cz\/index.php?rest_route=\/wp\/v2\/users\/1"}],"replies":[{"embeddable":true,"href":"https:\/\/www.zssanatoriumedelzh.cz\/index.php?rest_route=%2Fwp%2Fv2%2Fcomments&post=49"}],"version-history":[{"count":4,"href":"https:\/\/www.zssanatoriumedelzh.cz\/index.php?rest_route=\/wp\/v2\/pages\/49\/revisions"}],"predecessor-version":[{"id":3775,"href":"https:\/\/www.zssanatoriumedelzh.cz\/index.php?rest_route=\/wp\/v2\/pages\/49\/revisions\/3775"}],"wp:attachment":[{"href":"https:\/\/www.zssanatoriumedelzh.cz\/index.php?rest_route=%2Fwp%2Fv2%2Fmedia&parent=49"}],"curies":[{"name":"wp","href":"https:\/\/api.w.org\/{rel}","templated":true}]}}